{"id":2448,"date":"2017-06-30T22:38:23","date_gmt":"2017-07-01T01:38:23","guid":{"rendered":"http:\/\/www.neginmocpellegrini.com.ar\/portal\/?page_id=2448"},"modified":"2023-06-02T11:31:53","modified_gmt":"2023-06-02T14:31:53","slug":"quienes-somos","status":"publish","type":"page","link":"https:\/\/neginmocpellegrini.com.ar\/portal\/?page_id=2448","title":{"rendered":"\u00bfQUIENES SOMOS?"},"content":{"rendered":"<p><img loading=\"lazy\" decoding=\"async\" class=\"wp-image-3797 aligncenter\" src=\"https:\/\/neginmocpellegrini.com.ar\/portal\/wp-content\/uploads\/2017\/06\/67661935_1035077106699464_1487063676698492928_o-1-940x705.jpg\" alt=\"Martillero Corredor Publico y Corredor Inmobiliario\" width=\"397\" height=\"298\" srcset=\"https:\/\/neginmocpellegrini.com.ar\/portal\/wp-content\/uploads\/2017\/06\/67661935_1035077106699464_1487063676698492928_o-1-940x705.jpg 940w, https:\/\/neginmocpellegrini.com.ar\/portal\/wp-content\/uploads\/2017\/06\/67661935_1035077106699464_1487063676698492928_o-1-768x576.jpg 768w, https:\/\/neginmocpellegrini.com.ar\/portal\/wp-content\/uploads\/2017\/06\/67661935_1035077106699464_1487063676698492928_o-1.jpg 1440w\" sizes=\"auto, (max-width: 397px) 100vw, 397px\" \/><\/p>\n<p>&nbsp;<\/p>\n<p><strong>HOLA!!!! MUY BIENVENIDOS.<\/strong><\/p>\n<p>Soy CARLOS A. PELLEGRINI, Martillero y Corredor P\u00fablico, fundador de \u00e9sta Empresa de Bienes Ra\u00edces que lleva mi nombre y apellido.<\/p>\n<p>Mi Empresa la fund\u00e9 sobre VALORES bien definidos como: HONESTIDAD, TRANSPARENCIA, RESPONSABILIDAD, RESPETO , IDONEIDAD, \u00c9TICA PROFESIONAL , ASESORAMIENTO JUR\u00cdDI CO \/ DOMINIAL, LEALTAD y CONFIDENCIALIDAD en todos los SERVICIOS que ofrecemos en el MERCADO INMOBILIARIO, tales como:<\/p>\n<p><strong>\u2981 VENTAS<\/strong><br \/>\n<strong>\u2981 ALQUILERES<\/strong><br \/>\n<strong>\u2981 ADMINISTRACIONES<\/strong><br \/>\n<strong>\u2981 TASACIONES (Particulares y Judiciales)<\/strong><br \/>\n<strong>\u2981 SUBASTAS ( P\u00fablicas y Judiciales)<\/strong><\/p>\n<p>Mi Equipo y yo, tenemos como premisa satisfacer las necesidades de Nuestros Clientes en un marco de CONFIANZA MUTUA que nos permita lograr concretar sus objetivos anhelados.<\/p>\n<p>Nuestra Empresa, siendo una de las m\u00e1s consultadas opera en la Ciudad de Villa Carlos Paz (C\u00f3rdoba) , localidades vecinas del Valle de Punilla, Ciudades del Interior de la Pcia de C\u00f3rdoba y la Ciudad Capital de C\u00f3rdoba.<\/p>\n<p>Finalmente, deseo hacerles llegar mi enorme agradecimiento a todos nuestros Clientes Presentes y a los Potenciales Clientes que conf\u00eden en nosotros en un futuro pr\u00f3ximo.<\/p>\n","protected":false},"excerpt":{"rendered":"<p>&nbsp; HOLA!!!! MUY BIENVENIDOS. Soy CARLOS A. PELLEGRINI, Martillero y Corredor P\u00fablico, fundador de \u00e9sta Empresa de Bienes Ra\u00edces que lleva mi nombre y apellido. Mi Empresa la fund\u00e9 sobre VALORES bien definidos como: HONESTIDAD, TRANSPARENCIA, RESPONSABILIDAD, RESPETO , IDONEIDAD, \u00c9TICA PROFESIONAL , ASESORAMIENTO JUR\u00cdDI CO \/ DOMINIAL, LEALTAD y CONFIDENCIALIDAD en todos los SERVICIOS [&hellip;]<\/p>\n","protected":false},"author":5,"featured_media":4379,"parent":0,"menu_order":4,"comment_status":"closed","ping_status":"closed","template":"","meta":{"_acf_changed":false,"footnotes":""},"class_list":["post-2448","page","type-page","status-publish","has-post-thumbnail","hentry"],"acf":[],"_links":{"self":[{"href":"https:\/\/neginmocpellegrini.com.ar\/portal\/index.php?rest_route=\/wp\/v2\/pages\/2448","targetHints":{"allow":["GET"]}}],"collection":[{"href":"https:\/\/neginmocpellegrini.com.ar\/portal\/index.php?rest_route=\/wp\/v2\/pages"}],"about":[{"href":"https:\/\/neginmocpellegrini.com.ar\/portal\/index.php?rest_route=\/wp\/v2\/types\/page"}],"author":[{"embeddable":true,"href":"https:\/\/neginmocpellegrini.com.ar\/portal\/index.php?rest_route=\/wp\/v2\/users\/5"}],"replies":[{"embeddable":true,"href":"https:\/\/neginmocpellegrini.com.ar\/portal\/index.php?rest_route=%2Fwp%2Fv2%2Fcomments&post=2448"}],"version-history":[{"count":85,"href":"https:\/\/neginmocpellegrini.com.ar\/portal\/index.php?rest_route=\/wp\/v2\/pages\/2448\/revisions"}],"predecessor-version":[{"id":4571,"href":"https:\/\/neginmocpellegrini.com.ar\/portal\/index.php?rest_route=\/wp\/v2\/pages\/2448\/revisions\/4571"}],"wp:featuredmedia":[{"embeddable":true,"href":"https:\/\/neginmocpellegrini.com.ar\/portal\/index.php?rest_route=\/wp\/v2\/media\/4379"}],"wp:attachment":[{"href":"https:\/\/neginmocpellegrini.com.ar\/portal\/index.php?rest_route=%2Fwp%2Fv2%2Fmedia&parent=2448"}],"curies":[{"name":"wp","href":"https:\/\/api.w.org\/{rel}","templated":true}]}}